 173. What is the remainder when (-1 + 74)/1 - -2 is divided by p?
23
Suppose -57*z + 5952 = 39*z. What is the remainder when 188 is divided by z?
2
Let l = -936 + 977. What is the remainder when 612 is divided by l?
38
Let q be 2/(-4) + 10/4. Suppose -3*m - 16 = -5*o, o = -m + q + 6. Calculate the remainder when 34 is divided by o.
4
Suppose 268*v = 270*v - 300. What is the remainder when v is divided by 17?
14
Let i = 35 - 45. Let g be i/(-15) + (-490)/(-3). Suppose 20 = -6*u + g. Calculate the remainder when 94 is divided by u.
22
Suppose -4*h + 5*b + 71 = -2*h, -h + 35 = -3*b. What is the remainder when h is divided by 30?
8
Suppose r - 3 = b + 4*r, b = r + 13. Calculate the remainder when b is divided by (-36)/(-15) - (-3 - (-68)/20).
1
Let t = -90 - -169. Let m = -74 + t. What is the remainder when 9 is divided by m?
4
Suppose -140*m = -138*m - 470. What is the remainder when m is divided by 14?
11
Suppose 4*l + 5*s - 68 = -15, -3*s + 43 = 4*l. Suppose 0 = 4*q + 6*z - 4*z - 184, 0 = -q - 5*z + 46. What is the remainder when q is divided by l?
4
Let a = -763 + 807. Calculate the remainder when 123 is divided by a.
35
Suppose 792 = 3*p + p. What is the remainder when p is divided by (345/46)/((-6)/(-40))?
48
Suppose 3*q + 3*w + 13 = 7*q, -5*q = -4*w - 17. What is the remainder when 48 is divided by q/(-4) + 328/32?
8
Suppose -118 = -6*n + 98. What is the remainder when 213 is divided by n?
33
Let b = 777 - 738. Calculate the remainder when b is divided by 14.
11
Let y = 58 - 201. Let d = -14 - y. What is the remainder when d is divided by 22?
19
Let j = 36 - 7. Suppose -114 = 5*q - 439. Suppose 5*v = -5*k + q, -k = -3*v - 6*k + 49. Calculate the remainder when j is divided by v.
5
Let l(r) = -213*r + 439. What is the remainder when 1026 is divided by l(2)?
12
Let j(a) be the first derivative of 23*a**2/2 + a - 18. Calculate the remainder when j(1) is divided by 14.
10
Suppose -3*y - 29 = -3*b + 25, 0 = 4*b + y - 57. Let i be (8/10)/((-1)/35). Let n = 14 - i. Calculate the remainder when n is divided by b.
12
Suppose -19*h = -18*h - 138. Suppose h = 2*d + 3*w, -d + 5*w = 3*d - 298. Let c(j) = j**2 - 4*j - 6. Calculate the remainder when d is divided by c(7).
12
Suppose 0 = 4*t - 9*j + 5*j - 20, -4*t = -3*j - 24. What is the remainder when 66 is divided by t?
3
Let i = 106 - 50. Let h = -94 + 53. Let o = h - -60. Calculate the remainder when i is divided by o.
18
Let y(j) be the first derivative of -j**3/3 + 5*j**2 - 2*j - 3. What is the remainder when ((-7)/((-140)/16))/((-4)/(-220)) is divided by y(5)?
21
Let f be -4*4*(-15)/4. Suppose -3*n - 2*n = -f. Suppose -3*z = -z - n. Calculate the remainder when 16 is divided by z.
4
Let r(w) = -9*w - 18. Let t(m) = 8*m**2. Calculate the remainder when r(-6) is divided by t(1).
4
Suppose -4*v + l = -0*l - 472, 2*l - 484 = -4*v. Suppose 5*h - 1 = v. Calculate the remainder when 92 is divided by h.
20
Suppose -476 + 80 = -4*h - 5*u, -8 = 2*u. What is the remainder when h is divided by 52?
0
Calculate the remainder when 32 is divided by (5 - -6) + -5 + -1.
2
What is the remainder when 45 is divided by 2 + 54/(-24) + 138/8?
11
Let n(z) = 5*z + 5*z + 4*z**2 + 0*z - 6*z - 3. Let t be 2/(-3)*(-3)/1. What is the remainder when 83 is divided by n(t)?
20
Suppose 3*y - 6 - 113 = n, -2*y + 4*n = -96. Suppose 34*i + 112 = y*i. Let w(q) = -q**3 + 7*q**2 + 2*q - 1. What is the remainder when w(4) is divided by i?
27
Let k = 0 + 3. Calculate the remainder when 4/(-4)*(-32)/2 is divided by (1/k)/((-2)/(-54)).
7
Let z(w) = 16*w + 279. Calculate the remainder when z(-10) is divided by 50.
19
Let c = 99 + -44. Let m = 93 - c. Calculate the remainder when 109 is divided by m.
33
Let r = -199 + 238. What is the remainder when 146 is divided by r?
29
Suppose 22*h - 1450 = -108. What is the remainder when 105 is divided by h?
44
What is the remainder when (-1 - 2)*(-88)/(-72)*-57 is divided by 42?
41
Let v be 1/3 + (-537)/(-9). Suppose -i = 5*b - 75, 4*b - v = -4*i + 2*i. What is the remainder when 57 is divided by b?
12
Suppose 12 = 5*c - v - 23, -4*c + 2*v = -34. What is the remainder when 5 is divided by (-40)/(-60) + 2/c?
0
Suppose 0 = 3*l + 3*t - 633, 0 = 7*l - 2*l + 3*t - 1065. Calculate the remainder when l is divided by 44.
40
Let s = -272 - -429. What is the remainder when s is divided by 55?
47
Let c(o) be the first derivative of -o**4/4 + 14*o**3/3 + 8*o**2 + 3*o - 6. Calculate the remainder when c(15) is divided by 10.
8
Suppose -2*a + n - 5*n + 28 = 0, 5*a = -5*n + 95. Let x = 39 - a. Calculate the remainder when x is divided by 11 + 1*1*-2.
6
Let v = -40 - -56. Let l = v - 8. What is the remainder when -1*3*((-23)/3 - 2) is divided by l?
5
Let y = -46 - -99. Calculate the remainder when 182 is divided by y.
23
Let t = 1983 - 1881. What is the remainder when 122 is divided by t?
20
Suppose 2 = -2*v - 2*c + 170, -4*v = -2*c - 330. What is the remainder when v is divided by 12?
11
Let d = -27 - -74. Suppose 6*w - d = 31. What is the remainder when 18 is divided by w?
5
Suppose -x = 3, -6*x + 84 = 3*j - 8*x. Calculate the remainder when j is divided by 11.
4
Let u = 215 + -163. Calculate the remainder when u is divided by -28*((-1)/2 + 0).
10
Suppose 2*k - 257 = -5. Suppose k = 3*i - 3. Suppose 3*h - 2*y = -4*y + 59, 0 = h - 4*y - 43. What is the remainder when i is divided by h?
20
Calculate the remainder when 101 is divided by 9 + 11/((-88)/(-600)).
17
Let o = 3 + 9. Let j(d) = d**2 - d - 2. Calculate the remainder when (36/8)/(1/o) is divided by j(6).
26
Suppose 0 = 3*k + 5*w - 2*w + 36, 5*k + w + 72 = 0. What is the remainder when 1 - 5/(k/87) is divided by 11?
8
Let k(g) = g**3 + 50*g**2 + 86*g + 130. What is the remainder when k(-48) is divided by 12?
10
Suppose 0 = -25*w + 50 + 700. Let z = 28 + -16. What is the remainder when w is divided by z?
6
Suppose 2 = -2*z + 3*z. Suppose -d + 4*a - z = 10, 0 = -5*d + 2*a + 12. Suppose 60 = -d*m + 6*m. Calculate the remainder when m is divided by 11.
8
Let v(x) = 0*x**2 + 3*x**2 - 3 - 2*x - 2*x**2 - x**3. Suppose 0 = f - 4 + 6. Calculate the remainder when 23 is divided by v(f).
10
Suppose 549 = 2*x + 479. What is the remainder when 67 is divided by x?
32
Suppose -30 = -6*f - 0. Suppose r - 11 = 4*t + f, 2*t = -4. Calculate the remainder when r is divided by 3.
2
Suppose -2*z + 175 = 3*z. Let p = z + -24. Suppose 5 = -2*x + 13, 5*m + 3*x = 32. What is the remainder when p is divided by m?
3
Let b(l) = 12*l**2 + 11*l + 76. What is the remainder when b(-6) is divided by 7?
1
Suppose -8*b + 977 = -1831. Let u = b + -207. Calculate the remainder when u is divided by 37.
33
Suppose w + 224 = 2*j, 342 = -8*j + 11*j - 3*w. What is the remainder when 433 is divided by j?
103
Let c(x) = x**3 + 6*x**2 + 4*x + 4. Let t be c(-4). Suppose -z - 3*z = -t. What is the remainder when ((-3)/6)/((-2)/48) is divided by z?
2
Let b be 1 + -5 + -5 + 5. What is the remainder when (-605)/(-10) - -6*(-1)/b is divided by 22?
18
Let v be (2/4)/((1/(-12))/1). Let q(z) = 4*z**2 + z + 27. Calculate the remainder when q(v) is divided by 28.
25
Let v(t) = -5*t - 1. Let m be v(-2). What is the remainder when 51 is divided by 16 - m/(9/(-2))?
15
Let a(s) = -s**3 - 4*s**2 + 3*s + 7. Suppose 0*v + 10 = -2*v. Let p = 334 - 324. Calculate the remainder when a(v) is divided by p.
7
What is the remainder when 638 is divided by 4/18 + 2314/117?
18
Let j(y) = y**3 + 7*y**2 - 5*y + 7. What is the remainder when 249/(-8 + (-38)/(-4)) is divided by j(-7)?
40
Let u = 25 + 54. Suppose d - 21*d = -540. Calculate the remainder when u is divided by d.
25
Let x = -117 + 143. Calculate the remainder when x is divided by 14.
12
Suppose 11*p = 15*p. Suppose p = -2*q - q. Suppose q = -5*f + 25, -4*f - 15 = x - 42. What is the remainder when 25 is divided by x?
4
Calculate the remainder when (26/(-10))/(-3*6/180) is divided by 5.
1
Let x(n) = n - 4. Suppose 2*q + 18 = 5*q. What is the remainder when x(13) is divided by q?
3
Let t be 10/(-4)*(-8)/5. Suppose 0 = -t*z - 3*o + 34 - 7, -3*z = 4*o - 22. Calculate the remainder when 16 is divided by z.
4
Suppose 0 = -6*b + b + 730. What is the remainder when b is divided by 21?
20
What is the remainder when 211 is divided by ((-1274)/(-196))/((-1)/(-16))?
3
Let q = 557 + -